5 + 0 + 5/6*x**4. Is d(-9) a multiple of 28?
True
Suppose 91*s + 53287 = 104*s. Does 84 divide s?
False
Let j = 337 + 153. Is 35 a factor of j?
True
Let x(y) = y - 1. Let i be x(4). Let u(t) = -27*t + 8. Let d(g) = -g + 1. Let s(p) = 6*d(p) - u(p). Is s(i) a multiple of 25?
False
Let r = 21 - 19. Suppose 3*h - 65 = -r*t - 3*t, 5*t - 55 = -h. Is t a multiple of 3?
False
Let j(t) = 9*t**2 - 15*t - 14. Let d be -2 + (-1*12)/4. Let b(w) = -4*w**2 + 7*w + 7. Let s(q) = d*b(q) - 2*j(q). Does 9 divide s(5)?
True
Suppose 212 = -4*f + 1672. Suppose -h + 1 = 0, 3*h - f = -3*l + h. Does 19 divide l?
False
Let z(g) = 5*g - 45. Let p be z(10). Suppose 0 = v + 4*a - 53, v + 2*a + p = 68. Is v a multiple of 20?
False
Suppose 3*f - 555 = 21. Let z = f - 30. Is 29 a factor of z?
False
Suppose -4*o + 19 + 1 = 0. Suppose 17 = 3*f + o. Is f a multiple of 2?
True
Suppose -41 = -5*b - 5*i + i, 1 = b - i. Suppose -b*m = -2*m - 1458. Suppose 0*j = 3*j - r - 290, 5*j = 3*r + m. Does 32 divide j?
True
Suppose -6*b = -3*b. Suppose b = 5*u - 6*u - 1. Does 19 divide u*(3 + -2)*-53?
False
Let t(o) = -65*o + 2. Let d be 3/6 + (-21)/14. Is 13 a factor of t(d)?
False
Let y(f) = -f**2 - 12*f + 2. Let p be y(-12). Suppose -5 = s + h - 14, -p*h = -4. Is 5 a factor of s?
False
Let g be 32/((-50)/13 + 4). Suppose 0 = -3*b + 6. Suppose b*j = -30 + g. Is 13 a factor of j?
False
Suppose 0*h + 14 = -2*h + b, 2*h - 5*b + 6 = 0. Let x = -9 - h. Let s = x - -24. Is 11 a factor of s?
False
Does 20 divide (-6)/(-63) - (-351486)/567?
True
Suppose w + 16 = 3*r, -4*r = 2*w - r - 4. Let x(i) = i**3 + 5*i**2 + 2*i - 5. Let g be x(w). Does 13 divide 4/8*156/g?
True
Let f be (-6 + 2/2)*-1. Let u(k) = -3*k - 16. Let y be u(-7). Suppose 5*m - 2*m + 4*p - 154 = 0, -f*m + 210 = -y*p. Does 14 divide m?
False
Let i(j) = -30*j + 11. Let r be i(-2). Let c = r + -60. Does 6 divide c?
False
Suppose 4*k + 10 = 3*k. Let s(v) = -2*v - 4. Let d be s(k). Is 3 a factor of (-3)/((-6)/(-4)) + d?
False
Suppose -3*o + 5*h + 912 = 0, -h + 244 = -4*o + 1460. Is 19 a factor of o?
True
Let r be -3 - (33 + (-3 - -3)). Let y = r + 57. Let j = y + -15. Is j a multiple of 3?
True
Suppose 0 = -3*a - 4*q + 80, 2*a - 4*q = -q + 42. Suppose -4*l - 2*w + 48 = 0, 2*l = -4*w + 2*w + a. Suppose 2*t - 18 = l. Is t a multiple of 6?
False
Suppose 55*v - 34*v = 98910. Is v a multiple of 30?
True
Let m = 814 - 162. Is m a multiple of 92?
False
Let g(h) be the second derivative of h**3/2 - 7*h**2/2 + 10*h. Is 5 a factor of g(9)?
True
Let z(k) = 4*k**2 + 11*k - 6. Does 8 divide z(-12)?
False
Let x be (-23)/(-2) + -1 + (-18)/(-12). Suppose 3*d - 2 = -s + 4, -3*s + 5*d - 38 = 0. Does 15 divide s/x - 182/(-4)?
True
Suppose -1029 = 2*x - 9*x. Let t = x - 55. Suppose -3*r + t = -r + 2*p, 3*r = -p + 142. Does 10 divide r?
False
Let x(s) = s**3 + 14*s**2 + 11*s + 7. Let d = 115 - 128. Is 5 a factor of x(d)?
False
Suppose 3*r + 3 = 0, -5*r - 11 = 2*n + 18. Let q = n + 33. Is q a multiple of 13?
False
Is 49 a factor of -20*((-2793)/28)/7?
False
Let n = 66 - 60. Is 17 a factor of ((-8)/n)/((-250)/(-252) - 1)?
False
Let z = 12 - 8. Suppose -188 = -6*m + z*m. Does 14 divide m?
False
Let a(q) = -47*q + 104. Is 5 a factor of a(-6)?
False
Let v(z) = 28*z - 2. Let x be v(-2). Let n = 17 - x. Is n a multiple of 5?
True
Suppose 0 = -33*y + 32*y + 246. Is y a multiple of 41?
True
Suppose 0 = -2*t + 3*a + 93, 3*t - 38 = -2*a + 108. Is t a multiple of 6?
True
Let n be (-5)/(-4 - (-6)/(6/3)). Suppose 5*p + o - 3*o = 536, -o = n*p - 527. Is 53 a factor of p?
True
Let h = -8 - -9. Suppose -33 + h = -4*n. Does 8 divide (-34)/(-4) - n/(-16)?
False
Let t be (60/(-8))/5*-2. Suppose t + 5 = -2*l. Is (-30)/l + 1/2 a multiple of 3?
False
Suppose o + 166 = a + 3*o, 2*a - 335 = -5*o. Let z = 910 - 638. Let q = z - a. Does 26 divide q?
False
Is (1/(-1))/((-20)/42280) a multiple of 8?
False
Suppose -5*t = -5*j + 10, -3*t = -4*j + 7*j - 18. Suppose -8 = -4*z + 4*y, 1 = -3*y + j. Suppose z*s - 15 = 12. Is 7 a factor of s?
False
Let n = -1664 - -1852. Does 94 divide n?
True
Let m(d) = d + 7. Let z be m(-4). Let n be 8/(-3)*(-5 + -1). Suppose -2*y - 3*f + n = -21, -z*y + 4*f + 98 = 0. Does 13 divide y?
True
Is 13 a factor of (3010/(-30))/7*3/(-1)?
False
Let b be 35 + (-2)/8*0. Suppose 125 = 3*r + b. Is 14/(-105) + 964/r a multiple of 7?
False
Suppose 2*g = 3*o - 34, -3*g + o - 64 = 3*o. Let l = -73 - -38. Let m = g - l. Is m a multiple of 5?
True
Let f = 1938 + -1793. Is 4 a factor of f?
False
Suppose 8*z - 80 = -8*z. Suppose 106 = z*b - 214. Is b a multiple of 7?
False
Let i(y) = y**2 + 7*y + 7. Let o be i(-5). Let a be (o + 115/25)*5. Suppose -a*c - 35 = -9*c. Is c a multiple of 19?
False
Let i be 33/2*4*2/12. Suppose -i*f + 711 = -2*f. Is 15 a factor of f?
False
Let i(c) = 78*c + 115. Does 7 divide i(6)?
False
Suppose 0 = 5*n - 5*a, 4*n + 2*a - 6 = 3*n. Let o be -2 + -3 + n + -57. Let b = o - -120. Is 34 a factor of b?
False
Let t = -98 + 111. Let y be 1/((3/10)/(-3)). Let x = y + t. Does 3 divide x?
True
Let c = -2 + 5. Let b be (-4 - (-6)/c)/(-1). Suppose -1 = b*l - 9, -2*u - 3*l + 116 = 0. Is u a multiple of 26?
True
Let k(j) = j**3 - 19*j**2 + 2*j - 34. Let p be k(19). Suppose 2*g + 4 + 0 = 0. Does 19 divide (475/(-10))/(g/p)?
True
Let d(o) = 11*o**2 - 26*o - 153. Is 33 a factor of d(-8)?
True
Let g be (-1)/(1 + (-92)/90). Let m = -27 + g. Is 18 a factor of m?
True
Suppose 9*y - 6 = 7*y. Let s be 13/(-39)*-5*y. Suppose 0 = -3*o + z - 5*z + 40, 0 = s*z - 20. Is 8 a factor of o?
True
Let k be -3 + 72 + -4 + -1. Suppose 4*q = 8 + k. Does 6 divide q?
True
Let o be (6/9)/(4/48). Let z = o - 4. Suppose -z*r = w - 3*w - 14, 3*r - 21 = -2*w. Does 3 divide w?
True
Let z = -8 + 11. Suppose 0 = -3*c - 5*u - 8 - z, 23 = 5*c - 2*u. Suppose -179 - 25 = -c*l. Is 16 a factor of l?
False
Let o = -2097 - -2944. Does 24 divide o?
False
Suppose -17*m - 25 = -12*m. Let v(l) = l**3 + 10*l**2 + 5*l - 9. Is v(m) a multiple of 14?
False
Let i(u) = 6*u**2 + 2*u + 1. Let a be i(-1). Suppose -a*n = -0*n. Suppose n*x - x + 2*o = -50, 2*x - 101 = 5*o. Is x a multiple of 8?
True
Is 47 a factor of (-18)/21 + 3954/7?
True
Let k = -28 + 24. Let h be (5 + -2 + k)/(-1). Let c(o) = 11*o**3 - 1. Does 2 divide c(h)?
True
Suppose 0 = 4*d - 6*c + 5*c - 405, 4*d + 4*c - 420 = 0. Is 12 a factor of d?
False
Let p = 1564 - -855. Is 59 a factor of p?
True
Suppose 3*n - 305 - 328 = 0. Is 8 a factor of n?
False
Let i(g) = -g**2 + 3*g - 7. Let j be i(5). Let a = -20 - j. Is 11 a factor of ((-145)/(-10))/(a/(-6))?
False
Suppose 3*n + 692 = 4*c, 15*c - 11*c + 2*n = 712. Is c a multiple of 22?
True
Suppose -9*k + 15884 = 4*v - 7*k, 5*v - 19837 = 2*k. Is v a multiple of 63?
True
Let d(a) = a**2 - 4*a + 1. Let o be d(8). Suppose 0 = -3*p + o + 18. Let h = 62 - p. Does 15 divide h?
True
Let x = 65 - 7. Let d = x + 14. Does 6 divide d?
True
Is ((-26)/(-78))/(1/450) a multiple of 3?
True
Let w(b) = b**2 - 2*b + 5. Suppose 220 = -2*d + 5*l, 0 = -d - l + 2*l - 110. Let k be 2/4*d/(-11). Is w(k) a multiple of 11?
False
Suppose -13579 = -15*n + 10421. Is 80 a factor of n?
True
Let y(f) = f**2 + 2*f - 3. Let j be y(2). Let t(a) = -4*a**2 + 8*a - 6. Let m be t(j). Let v = -25 - m. Does 10 divide v?
False
Suppose -18*i = -21*i. Suppose -l = 5*f + 3, -3*l - 4*f - 35 = -4. Let w = i - l. Is 13 a factor of w?
True
Let m(y) = 2*y**2 - 8*y + 5 + 4*y - 3*y**2. Let p be m(7). Let w = -37 - p. Is 18 a factor of w?
False
Does 14 divide 33/(-18) + 2 - 7705/(-30)?
False
Let k(f) = -3*f - 5. Let q be k(-5). Let r be (-440)/q*1*-1. Suppose -3*a + r = 3*y - 70, -4*a + 4*y + 112 = 0. Does 12 divide a?
False
Let q(h) = h**3 + 11*h**2 - 2*h - 19. Let j be q(-11). Is 25 a factor of -40*(j/15)/((-2)/25)?
True
Let z(k) = k**2 + 5*k - 4. Let f be z(-6). Suppose 3*n - 5 = f*n. Suppose -4*v + 39 = n*r, -3*v + 4*v = 5*r - 34. Does 7 divide r?
True
Is 49/1 - 11/(-11) a multiple of 25?
True
Let z = 1377 + 207. Does 18 divide z?
True
Suppose 13*m - 1014 = -78. Is m a multiple of 7?
False
Suppose 5*q + 7*i - 1268 = 3*i, 4*q = 3*i + 1002. Does 42 divide (q/(-15))/(6/(-30))?
True
Let z be (-2 - (-25 - -4)) + -1. Let b(a) = -a - 8. Let s be b(6). Let h = z + s. Does 3 divide h?
False
Let h(s) = 7*s**3 + s**2 + 8*s + 9. Let y be h(-4). Is 13 a factor of (-2)/